ctor of 9814 and 28?
14
What is the highest common divisor of 133 and 19?
19
Calculate the highest common factor of 297 and 243.
27
What is the highest common divisor of 102 and 3332?
34
What is the highest common divisor of 678 and 6?
6
What is the greatest common factor of 54 and 5589?
27
What is the greatest common factor of 15 and 3?
3
Calculate the highest common factor of 86 and 817.
43
What is the highest common factor of 1056 and 60?
12
Calculate the highest common factor of 207 and 437.
23
Calculate the greatest common divisor of 10 and 40.
10
Calculate the greatest common divisor of 9 and 351.
9
What is the highest common factor of 264 and 576?
24
Calculate the greatest common factor of 3464 and 40.
8
What is the greatest common divisor of 572 and 19591?
143
Calculate the greatest common divisor of 735 and 21.
21
Calculate the highest common factor of 396 and 972.
36
Calculate the highest common factor of 6400 and 25.
25
Calculate the greatest common factor of 77 and 2464.
77
What is the highest common factor of 380 and 80?
20
What is the greatest common factor of 30 and 160?
10
Calculate the highest common factor of 192 and 228.
12
What is the highest common factor of 117 and 156?
39
Calculate the greatest common factor of 21 and 2037.
21
Calculate the greatest common divisor of 2338 and 4.
2
Calculate the highest common divisor of 10 and 70.
10
What is the highest common factor of 29 and 232?
29
Calculate the greatest common factor of 18 and 1413.
9
Calculate the highest common factor of 130 and 3445.
65
Calculate the highest common divisor of 7029 and 1287.
99
What is the greatest common factor of 51 and 507?
3
What is the greatest common divisor of 34 and 1258?
34
What is the greatest common factor of 60 and 276?
12
What is the highest common factor of 3255 and 70?
35
Calculate the greatest common factor of 18626 and 278.
278
What is the greatest common factor of 26 and 2782?
26
What is the highest common factor of 603 and 67?
67
Calculate the greatest common divisor of 6 and 14622.
6
Calculate the highest common divisor of 1647 and 61.
61
Calculate the highest common factor of 60 and 5200.
20
What is the highest common factor of 3 and 12813?
3
Calculate the highest common divisor of 874 and 92.
46
What is the highest common factor of 98 and 350?
14
What is the highest common divisor of 52 and 1300?
52
What is the greatest common factor of 7923 and 57?
57
Calculate the highest common factor of 126 and 56.
14
What is the highest common divisor of 2680 and 128?
8
Calculate the greatest common factor of 72 and 90.
18
Calculate the highest common factor of 99 and 220.
11
Calculate the greatest common factor of 105 and 405.
15
What is the greatest common divisor of 756 and 162?
54
What is the highest common factor of 69 and 184?
23
Calculate the highest common divisor of 275 and 200.
25
Calculate the highest common factor of 42 and 12.
6
Calculate the greatest common factor of 15 and 5.
5
What is the highest common divisor of 16 and 16?
16
What is the greatest common divisor of 554 and 47921?
277
What is the greatest common factor of 26 and 2106?
26
Calculate the highest common divisor of 102 and 7497.
51
Calculate the greatest common divisor of 88 and 2920.
8
Calculate the greatest common factor of 18 and 954.
18
What is the highest common divisor of 793 and 366?
61
What is the highest common factor of 1793 and 22?
11
What is the highest common divisor of 2 and 11?
1
What is the greatest common factor of 147 and 168?
21
Calculate the highest common divisor of 341 and 3069.
341
Calculate the highest common divisor of 1404 and 108.
108
Calculate the highest common factor of 2666 and 86.
86
What is the highest common factor of 147 and 42?
21
What is the greatest common divisor of 440 and 44?
44
What is the greatest common divisor of 8 and 28?
4
Calculate the greatest common factor of 65 and 78260.
65
Calculate the greatest common divisor of 440 and 50.
10
What is the greatest common divisor of 1378 and 26?
26
Calculate the highest common divisor of 950 and 7790.
190
Calculate the highest common divisor of 12 and 4.
4
Calculate the greatest common divisor of 116 and 261.
29
What is the greatest common factor of 837 and 12834?
279
What is the highest common factor of 125 and 100?
25
Calculate the greatest common factor of 2 and 5.
1
What is the greatest common factor of 2850 and 600?
150
Calculate the highest common divisor of 24 and 296.
8
What is the highest common factor of 99 and 22?
11
What is the highest common divisor of 4 and 134?
2
What is the highest common factor of 475 and 15?
5
Calculate the highest common factor of 473 and 99.
11
Calculate the highest common divisor of 320 and 45.
5
Calculate the greatest common factor of 32 and 9392.
16
What is the greatest common divisor of 678 and 2486?
226
Calculate the highest common factor of 1350 and 5130.
270
Calculate the highest common divisor of 864 and 189.
27
Calculate the highest common factor of 4875 and 45.
15
What is the highest common factor of 225 and 2340?
45
Calculate the greatest common divisor of 900 and 130.
10
What is the highest common divisor of 15 and 390?
15
What is the highest common divisor of 114 and 38?
38
What is the highest common factor of 117 and 12?
3
What is the highest common divisor of 11 and 11?
11
Calculate the greatest common factor of 48 and 12.
12
What is the highest common factor of 42 and 98?
14
Calculate the greatest common divisor of 3612 and 84.
84
Calculate the greatest common factor of 25 and 40.
5
Calculate the greatest common factor of 1722 and 21.
21
What is the highest common divisor of 11 and 781?
11
What is the greatest common factor of 1027 and 52?
13
Calculate the greatest common divisor of 174 and 145.
29
Calculate the greatest common divisor of 99 and 7128.
99
Calculate the greatest common divisor of 8596 and 84.
28
Calculate the greatest common divisor of 6345 and 18.
9
What is the highest common factor of 8895 and 60?
15
What is the greatest common divisor of 9 and 1656?
9
What is the highest common factor of 1185 and 43055?
395
What is the greatest common factor of 5 and 265?
5
Calculate the highest common factor of 5994 and 222.
222
What is the greatest common factor of 30 and 1590?
30
What is the greatest common divisor of 2904 and 605?
121
Calculate the highest common factor of 65 and 247.
13
Calculate the greatest common factor of 6 and 621.
3
Calculate the highest common divisor of 1358 and 14.
14
Calculate the highest common factor of 111 and 29193.
111
What is the highest common factor of 105 and 560?
35
Calculate the greatest common divisor of 14 and 77.
7
What is the greatest common factor of 127 and 3?
1
What is the greatest common divisor of 16 and 176?
16
Calculate the greatest common divisor of 525 and 5880.
105
Calculate the greatest common divisor of 32 and 4064.
32
Calculate the highest common factor of 161 and 23.
23
What is the greatest common divisor of 50 and 530?
10
What is the greatest common factor of 1612 and 1364?
124
What is the greatest common divisor of 1118 and 344?
86
What is the greatest common factor of 976 and 16?
16
Calculate the greatest common factor of 252 and 147.
21
What is the highest common divisor of 153 and 63?
9
What is the highest common divisor of 160 and 76640?
160
What is the greatest common divisor of 245 and 665?
35
What is the highest common factor of 136 and 8432?
136
Calculate the highest common factor of 468 and 126.
18
Calculate the highest common divisor of 1224 and 153.
153
What is the greatest common factor of 364 and 196?
28
Calculate the greatest common factor of 1560 and 52.
52
What is the greatest common factor of 96 and 13584?
48
What is the highest common factor of 81 and 99?
9
What is the highest common factor of 101 and 1616?
101
What is the greatest common factor of 671 and 183?
61
What is the highest common factor of 20 and 135?
5
Calculate the highest common factor of 49 and 19208.
49
What is the highest common factor of 639 and 9?
9
Calculate the highest common factor of 8201 and 59.
59
Calculate the greatest common divisor of 3780 and 720.
180
What is the highest common factor of 36 and 1932?
12
What is the greatest common divisor of 68 and 15572?
68
W